) in base 16?
-7f
Convert -7 (base 11) to base 14.
-7
Convert 20 (base 4) to base 9.
8
What is 1000 (base 2) in base 14?
8
Convert 3 (base 10) to base 3.
10
What is -5 (base 16) in base 6?
-5
-2 (base 7) to base 8
-2
What is -1 (base 8) in base 3?
-1
What is 1f (base 16) in base 3?
1011
-133 (base 6) to base 2
-111001
Convert -3 (base 7) to base 12.
-3
-7 (base 14) to base 2
-111
What is 121 (base 7) in base 4?
1000
-144 (base 10) to base 9
-170
Convert 0 (base 16) to base 6.
0
What is -e (base 15) in base 8?
-16
-10 (base 2) to base 6
-2
What is 21 (base 12) in base 14?
1b
Convert 0 (base 5) to base 16.
0
Convert -50 (base 6) to base 13.
-24
Convert 1 (base 10) to base 8.
1
Convert 111 (base 2) to base 15.
7
Convert 69 (base 10) to base 11.
63
What is 22 (base 3) in base 12?
8
2 (base 13) to base 15
2
-4 (base 5) to base 6
-4
What is 1101 (base 3) in base 12?
31
What is -100012 (base 3) in base 11?
-206
What is 6 (base 9) in base 10?
6
What is 100210 (base 3) in base 13?
174
Convert -7 (base 11) to base 7.
-10
What is 30 (base 4) in base 11?
11
Convert 82 (base 13) to base 11.
97
14 (base 13) to base 6
25
What is -5 (base 12) in base 13?
-5
-100110 (base 2) to base 16
-26
-1100 (base 2) to base 10
-12
Convert 37 (base 10) to base 4.
211
Convert 130 (base 4) to base 11.
26
What is 0 (base 8) in base 15?
0
What is -1aa (base 15) in base 9?
-467
Convert 29 (base 16) to base 3.
1112
What is -2 (base 13) in base 10?
-2
Convert 2 (base 12) to base 11.
2
Convert -127 (base 8) to base 5.
-322
Convert -201 (base 5) to base 6.
-123
What is 171 (base 10) in base 11?
146
-38 (base 15) to base 9
-58
What is 13 (base 14) in base 11?
16
Convert 0 (base 2) to base 3.
0
Convert 4 (base 11) to base 14.
4
35 (base 7) to base 8
32
What is 136 (base 8) in base 2?
1011110
Convert 12220 (base 3) to base 7.
315
-10 (base 6) to base 10
-6
14 (base 10) to base 16
e
Convert -4 (base 15) to base 9.
-4
8 (base 13) to base 2
1000
61 (base 14) to base 9
104
What is -12 (base 11) in base 7?
-16
What is 1010110 (base 2) in base 6?
222
Convert -1000111 (base 2) to base 3.
-2122
1 (base 3) to base 16
1
4 (base 5) to base 4
10
-208 (base 11) to base 7
-505
59 (base 10) to base 12
4b
-25 (base 13) to base 11
-29
Convert 4 (base 6) to base 15.
4
-1 (base 4) to base 10
-1
17 (base 13) to base 16
14
What is -23 (base 13) in base 9?
-32
-11 (base 11) to base 15
-c
What is 4 (base 15) in base 6?
4
Convert 1220 (base 3) to base 16.
33
Convert -78 (base 15) to base 13.
-89
Convert -4 (base 14) to base 15.
-4
10 (base 4) to base 15
4
2 (base 16) to base 8
2
100000 (base 2) to base 3
1012
Convert 1 (base 15) to base 11.
1
Convert 4 (base 8) to base 13.
4
What is -3a (base 11) in base 7?
-61
What is -43 (base 5) in base 13?
-1a
Convert 1 (base 15) to base 14.
1
Convert -11 (base 16) to base 3.
-122
9 (base 10) to base 4
21
7 (base 13) to base 16
7
What is 110 (base 6) in base 8?
52
1 (base 13) to base 9
1
4 (base 6) to base 13
4
Convert -1010 (base 6) to base 2.
-11011110
1 (base 4) to base 16
1
50 (base 11) to base 2
110111
What is 200 (base 3) in base 13?
15
-253 (base 7) to base 13
-a6
What is 403 (base 8) in base 5?
2014
What is -101 (base 2) in base 6?
-5
0 (base 8) to base 15
0
Convert 212 (base 14) to base 6.
1520
What is 632 (base 8) in base 2?
110011010
What is 1 (base 11) in base 4?
1
What is 3 (base 9) in base 15?
3
What is -50 (base 12) in base 11?
-55
-7 (base 8) to base 11
-7
Convert -20 (base 5) to base 14.
-a
What is 1 (base 16) in base 2?
1
Convert -4 (base 16) to base 2.
-100
Convert -13 (base 6) to base 4.
-21
306 (base 9) to base 15
119
What is 3 (base 6) in base 5?
3
What is 81 (base 15) in base 2?
1111001
What is -d (base 14) in base 5?
-23
What is -3030 (base 4) in base 10?
-204
-2 (base 3) to base 5
-2
What is 0 (base 3) in base 11?
0
What is -11 (base 9) in base 16?
-a
What is 81 (base 15) in base 13?
94
What is 110 (base 3) in base 4?
30
Convert 102 (base 5) to base 6.
43
What is -11 (base 2) in base 15?
-3
What is -4 (base 13) in base 11?
-4
0 (base 7) to base 14
0
Convert 19 (base 10) to base 13.
16
What is 5 (base 10) in base 9?
5
What is -1103 (base 4) in base 11?
-76
What is 1 (base 13) in base 7?
1
-100 (base 2) to base 5
-4
Convert 112 (base 6) to base 8.
54
-4 (base 15) to base 4
-10
16 (base 14) to base 2
10100
Convert 2000 (base 3) to base 12.
46
-1001 (base 3) to base 14
-20
Convert 9 (base 15) to base 14.
9
Convert -64 (base 10) to base 11.
-59
Convert -20 (base 8) to base 16.
-10
132 (base 9) to base 4
1232
What is 111 (base 2) in base 3?
21
Convert 13 (base 11) to base 15.
e
-152 (base 6) to base 9
-75
Convert -6c (base 13) to base 8.
-132
What is 5 (base 16) in base 5?
10
-10 (base 5) to base 14
-5
What is -2 (base 5) in base 11?
-2
Convert -130 (base 10) to base 6.
-334
Convert -11021 (base 3) to base 14.
-83
Convert 41 (base 6) to base 8.
31
-110 (base 3) to base 4
-30
Convert 59 (base 13) to base 7.
134
Convert 20 (base 4) to base 8.
10
-1 (base 16) to base 6
-1
Convert 4 (base 10) to base 3.
11
What is 3 (base 7) in base 16?
3
What is 28 (base 15) in base 2?
100110
3 (base 15) to base 8
3
Convert 1234 (base 5) to base 12.
142
What is -4 (base 9) in base 12?
-4
Convert -200 (base 3) to base 4.
-102
What is -3 (base 10) in base 8?
-3
Convert 22011 (base 3) to base 12.
164
What is 2 (base 13) in base 7?
2
-1 (base 14) to base 7
-1
2 (base 3) to base 15
2
-10 (base 14) to base 4
-32
What is 1110 (base 2) in base 8?
16
Convert 27 (base 15) to base 16.
25
What is 30 (base 5) in base 3?
120
-1000 (base 2) to base 10
-8
Convert 101 (base 2) to base 4.
11
-1 (base 11) to base 9
-1
Convert c (base 13) to base 9.
13
130 (base 6) to base 7
105
What is 31 (base 12) in base 5?
122
220 (base 4) to base 6
104
Convert -14 (base 7) to base 10.
-11
What is -11 (base 7) in base 16?
-8
Convert 234 (base 10) to base 4.
3222
Convert -51 (base 9) to base 8.
-56
What is 0 (base 5) in base 7?
0
-2 (base 10) to base 13
-2
3a (base 11) to base 14
31
Convert -22 (base 10) to base 5.
-42
Convert 101 (base 3) to base 10.
10
15 (base 9) to base 8
16
What is -3 (base 7) in base 8?
-3
14 (base 16) to base 3
202
Convert 0 (base 10) to base 5.
0
6 (base 10) to base 15
6
What is 211 (base 3) in base 15?
17
10 (base 5) to base 11
5
What is -1 (base 16) in base 8?
-1
What is 1100 (base 3) in base 7?
51
Convert 5 (base 13) to base 6.
5
Convert 24 (base 10) to base 9.
26
62 (base 10) to base 7
116
Convert 16 (base 9) to base 15.
10
0 (base 10) to base 15
0
1b (base 13) to base 16
18
Convert -31 (base 9) to base 11.
-26
152 (base 7) to base 6
222
What is 0 (base 2) in base 11?
0
Convert -5 (base 7) to base 6.
-5
What is 2 (base 5) in base 12?
2
3 (base 13) to base 5
3
What is -11 (base 7) in base 16?
-8
Convert 18 (base 13) to base 12.
19
What is 300 (base 4) in base 11?
44
77 (base 12) to base 6
231
-4 (base 16) to base 10
-4
Convert 20002 (base 3) to base 13.
c8
-5 (base 14) to base 2
-101
3 (base 15) to base 8
3
What is -1 (base 14) in base 12?
-1
What is 1 (base 12) in base 11?
1
What is 234 (base 7) in base 13?
96
-110 (base 2) to base 4
-12
Convert 100 (base 2) to base 9.
4
What is 0 (base 2) in base 13?
0
3 (base 15) to base 13
3
Convert -2000 (base 3) to base 5.
-204
-2 (base 3) to base 5
-2
Convert -102 (base 7) to base 5.
-201
What is 3 (base 11) in base 16?
3
Convert c (base 14) to base 8.
14
-31 (base 5) to base 11
-15
-12 (base 4) to base 13
-6
221 (base 4) to base 10
41
21 (base 6) to base 3
111
-1011 (base 2) to base 16
-b
Convert 44 (base 6) to base 10.
28
-13 (base 8) to base 5
-21
Convert 2 (base 5) to base 16.
2
What is 2 (base 3) in base 4?
2
What is -3 (base 12) in base 6?
-3
2e (base 15) to base 13
35
Convert -101 (base 2) to base 12.
-5
What is -2 (base 3) in base 13?
-2
What is -310 (base 4) in base 3?
-1221
-18 (base 16) to base 14
-1a
Convert -20 (base 3) to base 5.
-11
-2a (base 14) to base 12
-32
2 (base 7) to base 8
2
336 (base 8) to base 7
435
Convert 6 (base 15) to base 3.
20
What is 0 (base 5) in base 7?
0
Convert 102 (base 5) to base 6.
43
Convert 6 (base 14) to base 6.
10
What is 1 (base 9) in base 3?
1
Convert 2 (base 13) to base 8.
2
What is -79 (base 12) in base 2?
-1011101
231 (base 5) to base 7
123
What is 54 (base 10) in base 13?
42
What is 